 r(g) = g**2 - 4. Suppose 4*h + 7 = -9. Let n be r(h). What is the units digit of 9/(-6)*(-88)/n?
1
What is the tens digit of 47*1 - (14 + -13)?
4
Let l be 1 + -3 + 4 - 10. What is the units digit of 645/20 + (-6)/l?
3
Let c(u) = -5*u - 5 + u**2 + 0 + 0. Let n be c(7). Let q = 17 - n. What is the units digit of q?
8
Let w = -155 + 267. What is the units digit of w?
2
Suppose -90 = 6*h - h. What is the tens digit of (8/(-5))/(h/135)?
1
Let h(z) = 4*z - 5. What is the units digit of h(6)?
9
Suppose -2*p + 6 + 2 = 0. Let k(g) = 9*g - p + 0*g - 3*g - g**2 + 9. What is the units digit of k(5)?
0
Suppose 0 = -m + 5*l + 50, 0 = 4*m + l + 49 - 165. What is the tens digit of m?
3
Let b(s) = 3*s - 3. Let z = -4 + 8. What is the units digit of b(z)?
9
Let i = -4 - -9. Let m = i + -4. Let n = 0 + m. What is the units digit of n?
1
Let p(s) be the second derivative of s**3/6 + 3*s**2/2 + 2*s. What is the units digit of p(0)?
3
Let x(g) = -g**3 - 13*g**2 - 4*g + 16. What is the tens digit of x(-13)?
6
Let n(o) be the third derivative of -o**4/24 + 7*o**3/3 + 2*o**2. Let a be n(8). Let r = -3 + a. What is the units digit of r?
3
Suppose 0 = -3*b - 2*d + 92, 0 = -4*b - 0*b + 3*d + 100. What is the units digit of b?
8
What is the tens digit of ((-76)/4*2)/(1/(-2))?
7
Let f = -4 - -6. Suppose -f*v - 3*g = -5, 35 = 5*v + g + 2*g. What is the tens digit of v?
1
Let u(x) = -x**2 + 4*x - 1. Let z be u(3). Suppose 6 = 3*p + 3*d, 2*p + 0*d = d - 11. What is the tens digit of z/p - (-44)/3?
1
Suppose -135 = -4*q + 377. What is the units digit of q?
8
Suppose 7 + 3 = 5*b. Let y be (-4 - -6)/(2 + -1). Suppose -4 + b = y*r, 0 = -i - r. What is the units digit of i?
1
Suppose 2*m + 2*c - 94 = 0, -5*m + 3*c + 105 = -138. Suppose -2*a + d = -19, -4*a + a - 5*d + m = 0. What is the tens digit of a?
1
Let t(k) = -3*k**3 + k**2 - 1. Let a be t(-1). Let b = 0 - -1. What is the units digit of (2/a)/(b/12)?
8
Suppose -16 = 4*w + t, -2*w + 3*w + 21 = 4*t. Let v be w/(-2)*18/15. Suppose 0*d - 48 = -v*d. What is the tens digit of d?
1
Let l = 0 - 0. Suppose -9 = -3*u, -2*t + l*u = -u - 1. What is the units digit of (-2)/(-1) + (t - 2)?
2
Let u(y) = -y**3 - 8*y**2 + 4*y - 3. Suppose 0 = 5*i + 2*k + 53, 3*i + 3*k + 39 = -0*k. What is the units digit of u(i)?
2
Suppose -3*s = -5*w, 0 = -4*s + 10 + 10. Suppose w*m = 2*m + 13. What is the tens digit of m?
1
Let u be 58/6 + 1/3. What is the tens digit of 61/5 - 2/u?
1
Let t(z) = -z**2 - 10*z - 7. Let q be t(-9). Suppose q*b = 4 + 2. Suppose 47 = b*d + 5*x, -d + 4*d + x = 31. What is the units digit of d?
9
Let s = 15 + -10. What is the units digit of s?
5
Let q(t) = -2*t**2 + 5*t**2 + 8*t - 4*t**2 + 6. Let n be q(7). Suppose -m + n = l, -l = 3*m - 59 + 14. What is the units digit of m?
6
Suppose -w + 3*w + 12 = -2*r, 4*r = 4*w + 56. Let p = -2 - w. What is the units digit of p?
8
Let k(c) = -c + 2. Let o(d) = -1. Let m(h) = k(h) - 5*o(h). What is the units digit of m(-8)?
5
Suppose -23 = -5*s + 4*k, -4*s - k - 17 = -9*s. Suppose 0 = -a - s*a. What is the units digit of 2 - (-2 + (a - -2))?
2
Let t be (1/(-3))/(3/18). Let k(m) = -4*m**3 - m**2 + 3*m + 1. What is the units digit of k(t)?
3
Let v be ((-24)/(-18))/(4/18). Let p(t) = -5 - 6*t + 3 - t**2 + v. What is the units digit of p(-6)?
4
Suppose 3*i - 117 - 72 = 0. What is the tens digit of i?
6
Suppose 4*k = -k + 40. What is the units digit of k?
8
Let x be 5*((-18)/(-15) + 0). Let h(b) = -x + 2*b + b + 3*b - b**2. What is the units digit of h(4)?
2
Let t = -1 - -2. What is the units digit of 4 - 3 - (-1 - t)?
3
Let s(t) = -t + 4. Let i be s(4). What is the units digit of (-1 - 1)/(-2 - i)?
1
Suppose 5*f + 3 - 18 = 0. Suppose 2*r - 5*m = 48, f*m + 54 = -0*r + 3*r. What is the units digit of r?
4
Suppose -3*y + 9 = -90. What is the units digit of y?
3
Suppose -v - 2 - 3 = 0. Suppose -4*h + r = 29, h + 3*r = -r - 3. Let o = v - h. What is the units digit of o?
2
Let j = 3 + 0. Suppose 3*a - a - 4*g = 10, -5*g = j*a - 48. What is the tens digit of a?
1
Let b be 4/(-14) - (-912)/56. What is the units digit of ((-36)/16)/((-3)/b)?
2
Let d = 82 + -12. What is the tens digit of d?
7
Suppose -8*s + 364 = -s. What is the units digit of s?
2
Let x = -9 - -9. Suppose -36 = -2*l - x*l. What is the units digit of l?
8
Suppose 5*g = -0*f - f + 8, -5*f + 5*g + 130 = 0. Let w = 71 - f. What is the units digit of w?
8
Let t = 8 + -4. Suppose 2*x + 1 = -4*r + 3, 4*x - 4 = -t*r. Suppose -5*a + 2*a + 5*o = -3, -5*a - 2*o + 5 = r. What is the units digit of a?
1
Let y be (96/20)/(6/80). What is the tens digit of (12/8)/(6/y)?
1
Suppose 4*l = -u + 3*l + 8, 2*l - 22 = -3*u. Suppose 5*a - 54 = -4*f, u + 2 = 4*a. Suppose 2 - f = -z. What is the units digit of z?
9
Let j = 13 + 22. What is the units digit of j?
5
Let j(n) = -n**3 + 6*n**2 + 10*n - 7. Let l be j(7). Let p = -1 + l. What is the tens digit of p?
1
Let v(n) = n**2 - n - 2. Let t be v(-2). What is the units digit of t*(7/(-4) + 3)?
5
Let i be (2/(-2) + -1)*-2. Let z = -2 + i. Suppose z*n + x = 6, 0*x = n - 4*x - 12. What is the units digit of n?
4
What is the units digit of 92 + -2 - (-8)/(16/(-6))?
7
Let f = -12 - -20. What is the tens digit of f/6*(7 + 5)?
1
Let p(y) = 3*y - 12. Let j be p(12). Let x = -2 + j. What is the tens digit of x?
2
What is the units digit of (-4)/(-22) - ((-5175)/33 + -4)?
1
Suppose 2*v - 2*g - 54 = 50, 0 = -2*v - g + 92. What is the tens digit of v?
4
Suppose -g = -4*t + 6, 3*t - 33 = -5*g + 6. Let b = 2 + 1. Suppose -c - g = -b*c. What is the units digit of c?
3
Let u be 18/4 - 8/16. Suppose -u*o = -87 - 1. What is the tens digit of o?
2
Let g = -9 - -13. Suppose 9 - 1 = 2*q. Let h = g + q. What is the units digit of h?
8
Let g(k) = -k**3 + 11*k**2 - 5*k + 1. What is the tens digit of g(10)?
5
Let f = 51 + -36. What is the units digit of (-6)/4*(-70)/f?
7
Suppose 5*q - 4 = 31. Suppose 3*t - n - 2 = -0, 0 = 2*t + 5*n - q. What is the units digit of t?
1
Let i = 8 - 1. What is the units digit of i?
7
Suppose -70 = -5*o + 120. Suppose -5*i + 4*a = -2*i - o, 2*a + 10 = i. What is the units digit of i?
8
Let r(m) = -m**2 + m - 1. Let p be r(0). What is the tens digit of 15 + -2 + 3/p?
1
Suppose -5*v + 13 + 2 = 0. Suppose 0 = 2*k + v*k - 15. What is the units digit of (10/4)/(k/6)?
5
Let f(q) = -q. Let s = -7 - -4. What is the units digit of f(s)?
3
Let d(s) = -s**3 - 21. Let x be (-8)/(-28) + 4/(-14). Let r be d(x). What is the units digit of (-2)/(-3) + (-112)/r?
6
Let x = 5 + -3. Let p(r) = 19*r**2 - 1. Let o be p(1). Suppose -o = -x*c - c. What is the units digit of c?
6
Let j be 29 + -4 + 1/(-1). Suppose 0*y = 3*y - j. What is the units digit of y?
8
Suppose -4*v + 9*v = 0. Suppose v*i = -3*c - i + 53, -i - 66 = -4*c. What is the tens digit of c?
1
Let k be (-7)/(-14) - (-286)/4. Suppose 0 = 5*w - 5*s - 100, k = -2*w + 6*w - 2*s. What is the tens digit of (-6)/2 + 3 + w?
1
Suppose 0 = -s - s + 10. Suppose -3*c - w = w - 178, -w = s*c - 285. What is the units digit of c?
6
Let m(y) = -y**2 + 4*y + 10. What is the units digit of m(5)?
5
Let z(y) = y**2 - 4*y + 5. Let o be z(4). Let r(s) = s**2 - 3*s + 1. What is the tens digit of r(o)?
1
Let z(f) = -4*f - 51. What is the units digit of z(-18)?
1
Let w be (10 - 0)*1/1. Suppose -5*l + 4 = -3*d, d - w = -3*l - l. What is the units digit of (d + 0)*(6 + 1)?
4
Suppose 2 = i - 0. Suppose -6 = -i*x, -z + 4*x + 0*x = 7. What is the units digit of z?
5
Suppose 0 = 2*x - a - 61 - 59, 5*x - 3*a = 298. What is the units digit of x?
2
Let r(c) = 11*c**2 - 6*c + 13. What is the hundreds digit of r(4)?
1
What is the units digit of (-98)/3*15/(-10)?
9
Let t be (-9)/(-6) + (-6)/4. Suppose 1 = -5*x - t*i - 3*i, 2*x = -5*i - 8. What is the units digit of (4/2)/(x + 1)?
1
Let h = 84 + -131. Let c = h + 87. Suppose 0 = -l + 3*w + 8, c = 5*l + 4*w. What is the units digit of l?
8
Suppose -2*g + 3*t = -t - 406, 3*g - 617 = 2*t. What is the hundreds digit of g?
2
Let k(b) = -b + 3. Let p be 30/(-4)*(-2)/(-3). What is the units digit of k(p)?
8
Suppose -4*u - 2*s = -4, 5*u - 2*u + 15 = 3*s. Let x = 5 - u. Suppose 0 = x*b - 3*b - 27. What is the units digit of b?
9
Suppose 5*a - 3*u + 0*u = 14, 3*a + 2*u = 16. Suppose f = 5*i - 15, 3*f - 40 = f - a*i. What is the units digit of f?
0
Suppose 0 =